4 = o*v - w. What is the units digit of v?
9
Suppose 3 = -4*o + 5*b + 43, 0 = -5*o + 5*b + 45. Suppose -o*s = -f + 164, 0*f + 4*s - 128 = -f. What is the hundreds digit of f?
1
Suppose 0 = 2*q + 87 - 333. Suppose -5*w + q = -117. What is the units digit of w?
8
Let o(y) = -131*y - 19. What is the tens digit of o(-6)?
6
Suppose 8*g - 4049 = 2999. What is the tens digit of g?
8
Let y(p) = -p**3 + 19*p**2 - 9*p - 15. What is the tens digit of y(8)?
1
Let k(v) = -7*v**3 + 2*v - 5*v**2 - 7 + 6*v**3 - 4*v. Let a be k(-5). Suppose 0*c = c - a. What is the units digit of c?
3
Suppose 3*b - 6*g + 375 = -2*g, -4*b - 5*g = 531. Let t = -69 - b. What is the units digit of t?
0
Let q(d) = -7*d**3 + 2*d**2 + 11. Let p(h) = -3*h**3 + h**2 + 5. Let b(c) = -13*p(c) + 6*q(c). What is the units digit of b(-1)?
3
Suppose 13*w = 5*w + 40. Let k(d) = 0 - 2 + 0 + 4*d. What is the units digit of k(w)?
8
Let n(g) = -12*g - 15. Suppose -i = -2*y + 5*y + 32, -y = i + 8. What is the hundreds digit of n(y)?
1
Suppose -2*o + 14 = 5*i - 18, -3*i + 13 = -5*o. Suppose i*b - 588 = 2*b. What is the tens digit of b?
4
What is the tens digit of 0 - (-676)/4 - -6?
7
Let r = 807 + -617. What is the units digit of r?
0
Suppose 0 = 3*s + 4*p + 41, 6*s - 2*p + 77 = s. Let q be (-2)/(-10) + (-27)/s. Suppose 3*u - 15 = 0, -q*u = 4*v + v - 260. What is the tens digit of v?
5
Let i be (-130)/(-5) - (-1)/((-2)/4). Suppose -i = -t + 23. What is the units digit of t?
7
Suppose -4*w + 2*c + 2*c = 208, -4*w - 198 = c. Let r = w + 96. What is the tens digit of r?
4
Suppose -10*a + 405 = -9*a. What is the hundreds digit of a?
4
Suppose 0 = -4*l - 0*b + 2*b + 74, 3*l - 68 = -b. Let j(k) = -5*k - 55. Let s be j(-8). Let m = s + l. What is the units digit of m?
6
Let j(q) = -q**3 + 3*q**2 - 2*q - 7. Let c be j(4). Let g = c + 103. What is the tens digit of g?
7
Let g(j) = -13*j**2. Let a be g(-1). Let z(m) = m**3 + 14*m**2 + 9*m + 28. What is the units digit of z(a)?
0
Suppose -30 + 105 = -5*x. Let f = x + 32. What is the units digit of f?
7
Suppose 3*k = -4*o + 7273, 2*o - 3*k = -6*k + 3635. What is the thousands digit of o?
1
What is the hundreds digit of (0 - (-304)/6)/(870/28710)?
6
Suppose 3*k + 19 - 22 = 0. What is the units digit of k + (64 - -4) + -1?
8
Let y be 2/10 - 424/20. Let t = y + 82. What is the units digit of t?
1
Suppose -4*s = -s. Suppose s*w - w = -31. What is the units digit of w?
1
Suppose s - 102 - 36 = 0. Let z = 229 - s. What is the units digit of z?
1
Let f = -341 + 3870. What is the hundreds digit of f?
5
Suppose 10 = -5*g, -4*r + 10*g + 2074 = 5*g. What is the units digit of r?
6
Suppose 127 + 293 = 4*i. What is the hundreds digit of i?
1
Let v(i) = -124*i - 31. What is the units digit of v(-9)?
5
Suppose 0 = -2*o - o. Suppose 0 = -5*k - o + 50. Suppose 5 = l - k. What is the units digit of l?
5
Let l = -691 + 1034. What is the tens digit of l?
4
Let d = -821 + 1836. What is the units digit of d?
5
Let w(y) = -y + 2. Let q be w(-2). Suppose q*g - 10 - 158 = 0. What is the units digit of (-82)/(-4) - g/(-28)?
2
Let c(x) = -x**3 + 22*x**2 - 71*x - 15. What is the tens digit of c(14)?
5
Suppose -3*d - 11 = -2*l, 0 = l + d - 0*d - 13. Suppose -3*n + 4*n - b - 2 = 0, -2*n = -5*b - l. Suppose 7*u - 9*u + 34 = n. What is the units digit of u?
7
Let h(d) = 2*d - 5. Let j be h(4). Let m(f) be the first derivative of 17*f**2/2 - 3*f - 52. What is the units digit of m(j)?
8
Let o = 33 - 21. Suppose -59 + o = -p. What is the tens digit of p?
4
Let d(v) = 15*v - 5. Let q be d(-7). Let c = -70 - q. Suppose -c = -3*r + 14. What is the tens digit of r?
1
Suppose -2*c + 630 = 4*l, -12*c - l = -9*c - 935. What is the units digit of c?
1
What is the tens digit of 2/(-1) - (-3 + 2*-356)?
1
Let z = -23 + 73. Suppose 10*u = 8*u + z. What is the tens digit of u?
2
Let p(i) be the second derivative of -i**5/20 - 5*i**4/6 - i**3/6 - 5*i**2/2 - i. Let c be p(-10). Suppose -7*k = -c*k - 58. What is the tens digit of k?
2
Let a be (0 - (-4)/(-2)) + -60. Let n = -34 - a. What is the units digit of n?
8
Suppose l = -2, -3*t = -5*l + 57 - 151. Suppose -27*o = -t*o + 309. What is the units digit of o?
9
Let j(n) = -n**2 - n + 3. Let r be j(0). Suppose r*x = x. Suppose 5*a = 5*k - 80, k + x*a - 28 = -2*a. What is the tens digit of k?
2
Suppose -5*y + 2*o = -16, -2 = 5*y + 4*o - 0. Let v(j) = 5*j**2 - 3*j + 1. What is the units digit of v(y)?
5
Let u(i) = -i**3 - 13*i**2 + 7*i + 4. Let z be u(-14). Suppose -v = -4*v + z. What is the units digit of v?
4
Let y = 902 + -394. What is the tens digit of y?
0
Let p = 3065 + -2158. What is the hundreds digit of p?
9
Let u(r) = -2*r - 4. Let d(b) = -4*b**2 + 4*b. Let h(o) = o**2 - o - 1. Let y(v) = d(v) + 3*h(v). Let t be y(0). What is the units digit of u(t)?
2
Suppose 2*t - 10*t + 9392 = 0. What is the hundreds digit of t?
1
Let r = 318 + -49. What is the hundreds digit of r?
2
Let u be -3 - ((-2 - -3) + -39). Suppose -u = -3*l + 8*l. Let p = 2 - l. What is the units digit of p?
9
Suppose -3*d + 2914 + 5231 = 0. What is the tens digit of d?
1
Suppose 6 = 2*c, -3*c + 8*c = k - 38. Suppose -k = -3*n - 2*l, -7 = -n - l + 9. What is the units digit of n?
1
Suppose 2*l = -3*a + 30, -3*a + 0 + 12 = 0. Suppose l*p = 8*p + 73. What is the units digit of p?
3
Let n = 3 + 31. Suppose -2*k = -3*b + n, 2*k + 58 = 5*b - k. What is the tens digit of b?
1
Let m(k) = -7*k**2 - 5*k + 12. Let l be m(3). Let p = l + 118. What is the units digit of p?
2
Suppose 51 = -2*s - 15. What is the units digit of s/8*-2 + (-8)/32?
8
Let l = 384 - 287. What is the tens digit of l?
9
Suppose 4*m + 2*t = -t - 7, -m = 2*t + 8. Suppose -m*a = 4*j - 18 - 18, 0 = 4*j - 4. What is the units digit of a?
6
Suppose -3*u = -4 - 5. Suppose -u*c + 4*c = 22. What is the tens digit of c?
2
Let y = -28 - -32. Let v(q) = q + 9 + 5 - 2 + y. What is the units digit of v(-12)?
4
Let d(a) = 9*a**2 - 6*a - 9 - 12*a - 4*a - 10*a**2 - 13. Let u = -19 + 3. What is the units digit of d(u)?
4
Let s(g) = -4*g**2 + 7*g - 4. Let c be s(4). Let w = c - -58. What is the tens digit of 24/108 + 788/w?
4
Let a = 318 - 25. Suppose 3*k - j - 167 = -0*k, -a = -5*k - 2*j. What is the units digit of k?
7
Let c be 2 - 1/(-3)*3. Suppose c*g = g + 4. Suppose 4*o - 5*p = 103, g*o = p + p + 52. What is the tens digit of o?
2
Let y(a) = 387*a**3 - 4*a**2 - 7*a + 16. What is the units digit of y(2)?
2
Let u be 51/(3 - 0 - 0). Let o = u + -16. Let d = 58 + o. What is the tens digit of d?
5
What is the hundreds digit of ((91905/(-10))/11)/((-9)/24)?
2
Let t = -42 - -28. Let d(u) be the second derivative of u**4/12 + 2*u**3 - 5*u**2/2 + 35*u. What is the units digit of d(t)?
3
Suppose 3*m = -2*u + 114, 76 + 97 = 3*u + 5*m. Let p = 1 + u. What is the tens digit of p?
5
Let x = -29 - -33. Suppose -8*o + 132 = -x*o. What is the tens digit of o?
3
Suppose 1368 = -5*d + 9*d + 4*w, 0 = -5*d - 2*w + 1710. What is the tens digit of d?
4
Suppose -l + 4*g = -57, 3*l - 5*g = -2*l + 345. What is the tens digit of l?
7
Let x(t) = t**2 - 15*t + 2. Let f be x(15). Suppose -144 = -f*r - 2*r + 5*i, -109 = -3*r + 4*i. What is the tens digit of r?
3
Suppose 7*y = -401 + 1794. Let u = y - 131. What is the units digit of u?
8
Let n(f) = 7*f**2 - 7*f - 12. Suppose 18*a = 20*a - 12. What is the units digit of n(a)?
8
Let g be (-48)/(-9) + 4/6. Suppose 3*a - 29 = u + 19, -4*a - 5*u + 45 = 0. Suppose l + a = g*l. What is the units digit of l?
3
Suppose -2729 = -8*h + 551. What is the hundreds digit of h?
4
Let c = 1865 + -1330. What is the tens digit of c?
3
Let q(t) be the third derivative of t**6/120 - t**5/60 + t**4/8 - 11*t**3/6 - 3*t**2. What is the tens digit of q(5)?
0
Let d(v) = v**2 - 8*v + 49. What is the tens digit of d(6)?
3
Let l = 34 - 41. Let a(x) = -x**2 - 17*x. What is the tens digit of a(l)?
7
Let p(l) = -l**3 + 7*l**2 + 7*l + 10. Let y(v) = 9*v**2 - 2*v + 1. Let k be y(1). Let g be p(k). Suppose 0 = -g*b - b + 78. What is the tens digit of b?
2
Let x(h) = h - 6. Let k be x(6). Suppose k = -b + 2*b. Let s = b - -10. What is the tens digit of s?
1
Suppose 5*g - 5304 = -2*h, 0 = -2*g + 4*h - 3*h + 2118. What is the hundreds digit of g?
0
Let d = 38 - 36. Let o = d - 0. Suppose -o*v + 2*u + 70 = u, 5*v - 175 = 3*u. What is the tens digit of v?
